tors of g?
2, 11
Let o be (-7)/((-9)/(-3) + -2). Let b = 17 + o. List the prime factors of b.
2, 5
Let l = 24 + -19. Suppose l*w - 3*w + f = 8, 3*w - 5*f = -14. List the prime factors of w.
2
Let j be 5/15 + (-40)/3. Let m be 0 + 3/(-3)*j. List the prime factors of (-1)/(2 - 1) + m.
2, 3
Let s(d) = 4*d + 1. Let o(b) = -12*b - 4. Let h(a) = 2*o(a) + 7*s(a). List the prime factors of h(12).
47
Suppose -5*g + 33 = -12. Let b = -3 + g. Suppose -b = -6*c + 3*c. What are the prime factors of c?
2
Suppose -8*l - 12 = -12*l. Suppose 0 = 4*m - m - 9. Suppose -5*r + 50 = l*g, -r + g - m*g = -17. What are the prime factors of r?
7
Suppose -2*f - 3*f = -315. What are the prime factors of f?
3, 7
Let t be (-3)/((-6)/(-4)) + 54. Suppose -2*c + 38 = -34. Let k = t - c. List the prime factors of k.
2
Suppose 0 = -2*a + a + 10. Let d = 24 - a. List the prime factors of d.
2, 7
Suppose 5*v = -3*c + 94, c - 10 = -4*v + 19. List the prime factors of c.
3, 11
Let q(a) = 2*a + 10. What are the prime factors of q(0)?
2, 5
Let n = 1014 + -580. What are the prime factors of n?
2, 7, 31
Let m(p) = p + 2*p**2 - 5*p**2 + 3*p**2 - p**3 + 15. What are the prime factors of m(0)?
3, 5
Let z(t) = -t**3 - 4*t**2 + 6*t - 7. List the prime factors of z(-6).
29
Suppose 0 = t + 140 - 30. Let k = t - -167. List the prime factors of 4*(k/12 - 3).
7
Suppose 5*o - 2*o = 99. What are the prime factors of o?
3, 11
Let f(m) be the second derivative of -m**5/20 + 2*m**4/3 + 3*m**2 - 3*m. Let q be f(8). Suppose 3*n + 15 = q*n. What are the prime factors of n?
5
What are the prime factors of 3/((-12)/(-8)*(-6)/(-939))?
313
Let v(z) = z**2 - z + 3. Let f(x) = x**2 - x. Let m(c) = -2*f(c) + v(c). Let j be m(3). Let k = 2 - j. What are the prime factors of k?
5
Suppose -3*k = 2*k - 310. Suppose 0 = 4*f - 6 - k. What are the prime factors of f?
17
Let n = 32 + 29. List the prime factors of n.
61
Let z be (0/(-3))/(-9 - -6). Suppose 0 = -j + l, 25 = -0*l + 5*l. Suppose 16 = x - z*x - j*h, -5*x + 5*h + 40 = 0. What are the prime factors of x?
2, 3
Let p(h) = -h**2 + h**2 - 3 - 3*h**2 + 8*h + 4*h**2. What are the prime factors of p(-12)?
3, 5
Suppose 0 = 24*d - 22*d - 220. List the prime factors of d.
2, 5, 11
Suppose v = -2*g + 4*g + 6, -4*g + 3*v - 14 = 0. Let b be 11 + 2*(-1)/g. List the prime factors of b + (2 - (-2 + 4)).
2, 3
Let k = 10 + -7. Let l = k + -3. Suppose -f + 9 - 2 = l. List the prime factors of f.
7
Suppose -33 = -c - 5*i, 0*c + 4*c + 5*i - 132 = 0. Suppose -c = -r - 2*r. Suppose 0*f = f - r. What are the prime factors of f?
11
Let o(q) = -q**2 - 5*q + 1. Let c = 1 - 5. List the prime factors of o(c).
5
Suppose 2*o = g + 44, -5*o = 2*g + g - 99. Suppose 3*l + 4*c + 5 = 0, 3*c + 23 = -0*l - 5*l. Let p = o + l. What are the prime factors of p?
2, 7
Suppose -71 = -5*o + 79. Let n be 61/3 - 2/6. Let v = o - n. What are the prime factors of v?
2, 5
Let u(r) = -16*r**3 + r. Let z be u(-1). Let d = -11 + z. Suppose -l = -4*l - 6, -5*p + d*l = -68. What are the prime factors of p?
2, 3
Suppose -d + 2 = 2*w, -3 = -3*w + 3. Let g be d/((-12)/(-13) + -1). Let h = g - 13. List the prime factors of h.
13
Let h be ((-4)/8)/(3/(-504)). Suppose -7*g + h = -3*g. List the prime factors of g.
3, 7
Suppose 2*g = -3*g + 205. List the prime factors of g.
41
Let f(w) = w**2 + 21. List the prime factors of f(0).
3, 7
Let k be 7 + 0 + -2 + -3. Suppose -3*n = -k*a - 122, -3*a = 2*a + 5. What are the prime factors of n?
2, 5
Let v(q) be the second derivative of q**5/20 - q**4/4 + 2*q**3/3 - q**2 - 2*q. Suppose 0 = -3*g + 16 - 7. What are the prime factors of v(g)?
2, 5
Let s(a) = 4*a - 3 + 8*a - 6*a + 0*a. What are the prime factors of s(7)?
3, 13
Let k(x) = -12*x**3 + x**2 + x + 1. Let v(a) = a. Let g be v(-1). What are the prime factors of k(g)?
13
Let x be (-62)/(-8) - 2/(-8). Let y = x + -5. Suppose 5*u - y*t = -0*t + 57, -3*u + 23 = t. List the prime factors of u.
3
Suppose 0 = 14*o - 10*o - 64. List the prime factors of o.
2
Suppose 0*j = -5*j + q + 15, -40 = -5*j - 4*q. Let c = j + -3. Let b(x) = 2*x. What are the prime factors of b(c)?
2
Let q(s) = s**3 - 6*s**2 - 2*s - 13. List the prime factors of q(7).
2, 11
Suppose -16 = c - 5*c. Suppose 19 + 9 = c*b. Let d = b - 5. List the prime factors of d.
2
Let d(q) = 4*q - q**2 + 3 - 2*q - 3*q + 9*q. Suppose -11 = -a - 4. List the prime factors of d(a).
2, 5
Suppose -12 = r + 3*t - 55, -2*t - 63 = -r. Suppose -2*b - 19 + r = 0. What are the prime factors of b?
2, 3
Suppose -2*u - 10 = -7*u. Suppose c + 3*h = 2*h + 26, 0 = -2*c - 5*h + 64. List the prime factors of (c/6)/(u/6).
11
Let j(g) = -10*g. What are the prime factors of j(-3)?
2, 3, 5
Suppose -2*m = -6*m + 60. Let p = 7 + m. List the prime factors of p.
2, 11
Let x(z) = -z**2 + 12*z - 21. What are the prime factors of x(6)?
3, 5
Let n = -31 + 36. What are the prime factors of n?
5
Let s = -70 - -123. List the prime factors of s.
53
Let h = -12 + 37. What are the prime factors of h?
5
Let o = -7 + 8. Suppose -2*s + 4*j = 18, s - 3*j + 3 + o = 0. Let l = -9 - s. What are the prime factors of l?
2, 5
Suppose -2*g + 68 = g - 4*p, -4*g - 5*p + 70 = 0. Suppose -g = -f - 4*f. List the prime factors of f.
2
Let a = -8 - -13. Suppose -a*o + 3*z + 158 = 0, -5*z + 228 = 5*o + 38. List the prime factors of o.
2, 17
Suppose 4*u = 3*u + 119. List the prime factors of u.
7, 17
Suppose 0*f = f + x + 30, f + 26 = 3*x. Let g(y) = y**3 + 2*y**2 - 2*y + 5. Let v be g(-4). Let k = v - f. What are the prime factors of k?
2, 5
Let l(q) = q**2 + 10*q + 5. Let i be l(-10). Let h be (-6)/(-4)*(-32)/(-6). Suppose i*p - 7 = h. List the prime factors of p.
3
Suppose 2*w + 0 = 6. Suppose -2*r + w*f + 27 = -0*f, r + f - 1 = 0. List the prime factors of r.
2, 3
Suppose 3*m + m - 118 = 2*r, 2 = 2*r. What are the prime factors of m?
2, 3, 5
Let d = -19 + 23. Let x(b) = 7*b - 4. What are the prime factors of x(d)?
2, 3
Let x(b) = b**3 + 3*b**2 - 4*b - 1. Let g(r) = r**3 + 4*r**2 - 4*r. Let p(t) = -4*g(t) + 3*x(t). List the prime factors of p(-8).
29
Let h = 47 + -19. List the prime factors of h.
2, 7
Suppose -p = -4*g - 90, -g - 1 - 1 = 0. List the prime factors of p.
2, 41
Let g = 12 - 10. Suppose 0 = -3*o, 2*j - 2*o - g = 4. List the prime factors of j.
3
Let l = -12 + 16. Suppose 26 + 14 = l*j. List the prime factors of j.
2, 5
Let f(z) = z**2 - 1. Suppose 5*b + 5 = -15. List the prime factors of f(b).
3, 5
Let w be (0 - -6)*(-1 + 0). Let o = -3 - w. Suppose o*d = 4*n + 11, -2*d + 10 = 2*n - 4*n. What are the prime factors of d?
3
Let k(v) = -10*v + 0*v**2 + 3*v + v**3 - 7*v**2 - 4 - 1. Let q be k(8). Suppose -25 = -2*s - 3*y, q*s - 2*y = y + 15. What are the prime factors of s?
2
Suppose 0 = 13*p - 11*p - 38. Suppose -20 = -p*d + 14*d. List the prime factors of d.
2
Suppose -2*t - 3*t = -60. Let r(b) = b**3 + 8*b**2 + 6*b - 2. Let o be r(-7). Suppose -o*c = -c - 4, -4*c + t = 2*d. List the prime factors of d.
2
Let l = -49 + 89. List the prime factors of l.
2, 5
Let i(q) = q. Let o be i(4). Let x be 1 + 1 + -4 + o. Suppose -3*v = -x*f - 16, 8*v - 3*v + 4*f + 10 = 0. List the prime factors of v.
2
Suppose 0 = 228*l - 229*l + 261. What are the prime factors of l?
3, 29
Let d(j) = -2*j + 11. What are the prime factors of d(-11)?
3, 11
Suppose -12*z = z - 975. List the prime factors of z.
3, 5
Let q be -20*(-7 + 3)/(-1). Let p = -50 - q. List the prime factors of p.
2, 3, 5
List the prime factors of (-159)/15*-1*5.
53
Let l be 6/(-9) + 23/3. Let a(y) = -y + 9. Let u be a(l). Suppose -3*v = -2*w - 2 - 26, 16 = u*v - 4*w. What are the prime factors of v?
2, 5
Let v be 1*3/(12/280). Suppose 0 = -3*d + v + 20. List the prime factors of d.
2, 3, 5
Suppose 0 = 4*b - s - 242 - 1055, 5*b + 2*s - 1618 = 0. What are the prime factors of b?
2, 3
Suppose 4*x - 18 = -3*h, -2*h + 10 = x + x. Suppose 2*a - x*y - 20 = 0, -a = -0*a - 4*y - 5. List the prime factors of a.
13
Let a(w) = -19*w**3 - w**2 + w + 1. Let x(s) = s - 1. Let y be x(0). Let q be a(y). Suppose -5*h + q = 3. What are the prime factors of h?
3
Let z(x) = -118*x + 2. What are the prime factors of z(-1)?
2, 3, 5
Let i = 29 + -15. What are the prime factors of i?
2, 7
Let s = 69 - 42. List the prime factors of s.
3
Let g be (13/1)/((-2)/(-10)). Suppose 4 = -4*u - r + 69, 3*u -